 divisor of 526747 and 26.
13
What is the greatest common divisor of 55063 and 515159?
79
Calculate the greatest common factor of 78 and 3207672.
78
What is the highest common factor of 168744 and 531512?
632
What is the greatest common factor of 1 and 829327?
1
What is the highest common factor of 1618230 and 72?
6
Calculate the greatest common divisor of 4831574 and 4466.
638
Calculate the highest common divisor of 52278 and 1146.
6
Calculate the greatest common divisor of 14687 and 65284.
19
Calculate the highest common divisor of 434332169 and 298.
149
Calculate the greatest common divisor of 130696 and 1783368.
4216
Calculate the greatest common divisor of 5139 and 478498.
571
What is the highest common factor of 165363282 and 252?
126
Calculate the highest common factor of 24 and 756498432.
24
Calculate the greatest common factor of 102659 and 451536.
409
Calculate the highest common factor of 4344 and 38793549.
543
Calculate the greatest common factor of 239828 and 16.
4
Calculate the greatest common factor of 9315 and 128565.
45
What is the greatest common factor of 12098674 and 98?
14
Calculate the greatest common factor of 7901016 and 96.
24
What is the highest common factor of 863 and 146165447?
863
Calculate the highest common divisor of 182292641 and 16629.
5543
Calculate the highest common divisor of 42 and 10566381.
21
What is the highest common factor of 119800 and 35800?
200
What is the highest common divisor of 320 and 823855?
5
What is the greatest common divisor of 1131 and 3776844?
87
Calculate the greatest common factor of 94729694 and 814.
74
What is the greatest common divisor of 880062 and 27?
3
What is the highest common factor of 993551613 and 1399?
1399
Calculate the greatest common divisor of 50368269 and 9891.
3297
Calculate the greatest common factor of 338 and 1260810811.
169
What is the greatest common factor of 61771973 and 745?
149
What is the highest common divisor of 22774255 and 4465?
95
What is the highest common divisor of 9695016 and 1800?
72
What is the highest common factor of 466704 and 357?
21
What is the greatest common divisor of 21523261 and 4?
1
What is the greatest common factor of 341496 and 513918?
1674
What is the greatest common divisor of 5000 and 113020?
20
Calculate the greatest common factor of 4 and 78992600.
4
What is the highest common divisor of 2487771 and 311454?
1287
What is the greatest common divisor of 14661 and 1244556?
1629
What is the greatest common factor of 306 and 31503924?
306
What is the greatest common divisor of 67061675 and 1550?
25
What is the greatest common divisor of 332 and 77537438?
166
Calculate the highest common factor of 2814 and 256977294.
2814
Calculate the highest common divisor of 22104 and 177384.
24
Calculate the highest common divisor of 147 and 72768675.
147
What is the highest common divisor of 21245301 and 135?
27
Calculate the highest common divisor of 304161 and 166023.
429
Calculate the greatest common divisor of 34362 and 1314.
18
What is the highest common factor of 679855850 and 3772?
1886
What is the greatest common divisor of 1030 and 43970?
10
Calculate the highest common factor of 23383 and 791881.
349
What is the greatest common factor of 2000605 and 305?
5
Calculate the greatest common divisor of 190120 and 8375080.
1960
What is the highest common factor of 8823 and 28727169?
519
Calculate the greatest common factor of 1633 and 141077.
71
What is the highest common divisor of 2463618 and 11663?
109
What is the highest common factor of 598350 and 28650?
150
Calculate the greatest common divisor of 129384545 and 1426.
713
What is the highest common factor of 11403145 and 208?
13
Calculate the greatest common factor of 160338 and 76746.
6
Calculate the highest common divisor of 3975328 and 672.
224
Calculate the highest common divisor of 67544 and 576976.
8
Calculate the highest common divisor of 1116 and 295191.
9
Calculate the greatest common divisor of 929867 and 23.
23
What is the highest common divisor of 128 and 1382624?
32
What is the greatest common factor of 1185988 and 2?
2
Calculate the highest common factor of 480 and 39971328.
96
Calculate the highest common divisor of 44 and 168960616.
44
What is the greatest common factor of 64 and 10917008?
16
What is the highest common factor of 2143 and 6849?
1
Calculate the greatest common divisor of 83608 and 803234.
2986
What is the greatest common divisor of 365299 and 1628?
11
What is the highest common factor of 1636964 and 4621484?
9044
Calculate the highest common factor of 354 and 8311802.
118
What is the greatest common factor of 31296083 and 1183?
91
What is the greatest common divisor of 1352533515 and 17?
17
Calculate the greatest common factor of 71656 and 506662.
338
Calculate the greatest common factor of 816 and 68414052.
204
Calculate the greatest common factor of 3236 and 27834454.
1618
Calculate the greatest common divisor of 209188 and 38254.
62
Calculate the highest common factor of 676067217 and 42.
21
What is the highest common divisor of 233480 and 30745?
65
Calculate the greatest common factor of 1164 and 47983766.
194
What is the highest common divisor of 70 and 16257810?
10
Calculate the greatest common factor of 89345344 and 33.
11
Calculate the highest common factor of 159 and 87890695.
53
What is the highest common factor of 546 and 2575014?
78
What is the highest common divisor of 65419742 and 2054?
158
Calculate the greatest common divisor of 532 and 52123099.
133
What is the greatest common factor of 214602546 and 6?
6
What is the highest common divisor of 66 and 4205982?
66
What is the greatest common factor of 378266505 and 15?
15
What is the greatest common factor of 1824 and 43165872?
912
Calculate the highest common factor of 1236 and 2039781924.
1236
What is the greatest common factor of 24 and 16715508?
12
What is the greatest common factor of 230315 and 675?
5
Calculate the greatest common divisor of 2988 and 251183232.
2988
What is the highest common divisor of 17280 and 73619820?
540
Calculate the greatest common divisor of 126 and 10920938.
14
What is the greatest common divisor of 542298 and 4422?
402
Calculate the highest common factor of 165 and 34272990.
15
Calculate the greatest common divisor of 16040 and 777138.
802
Calculate the greatest common factor of 1250899 and 65.
13
What is the highest common factor of 376 and 27921243?
47
Calculate the greatest common divisor of 27255 and 1479498.
69
Calculate the greatest common factor of 448 and 65300.
4
What is the highest common factor of 10742940 and 2535?
195
What is the highest common divisor of 20795781 and 3576?
447
What is the greatest common divisor of 329 and 32605733?
47
Calculate the highest common divisor of 1440024 and 354.
6
What is the highest common divisor of 354018928 and 32?
16
What is the greatest common divisor of 39675 and 2296389?
1587
What is the highest common divisor of 362432 and 43288?
56
Calculate the highest common factor of 2592 and 11678256.
1296
What is the highest common divisor of 12 and 50103774?
6
Calculate the greatest common factor of 11694276 and 308.
44
Calculate the greatest common divisor of 1813 and 4875934.
259
Calculate the highest common factor of 8649 and 6432066.
279
Calculate the greatest common factor of 689 and 100488.
53
Calculate the greatest common divisor of 703394671 and 805.
161
What is the highest common divisor of 40180 and 65682?
82
Calculate the highest common factor of 12 and 1443189.
3
What is the greatest common factor of 308169099 and 126?
63
What is the highest common divisor of 18168309 and 72?
9
Calculate the greatest common factor of 107988 and 48.
12
Calculate the greatest common factor of 146222925 and 525.
75
Calculate the highest common divisor of 495 and 6177285.
45
What is the greatest common divisor of 386805 and 47745?
15
Calculate the greatest common factor of 1014 and 57738.
6
What is the highest common divisor of 7329020 and 6200?
620
Calculate the highest common divisor of 408514 and 325250.
2602
Calculate the greatest common divisor of 1650989158 and 182.
182
Calculate the highest common factor of 109306 and 25872476.
2542
Calculate the highest common divisor of 30301670 and 215.
215
Calculate the great